 base 9
1077636
Convert -3f2ad (base 16) to base 2.
-111111001010101101
784045 (base 9) to base 6
14014152
101101110111100101111001 (base 2) to base 13
2650004
What is -946ca1 (base 13) in base 8?
-15173566
32222 (base 9) to base 13
9923
-200000211100 (base 3) to base 12
-151469
Convert -11a51a (base 14) to base 13.
-182302
Convert -4544c (base 16) to base 15.
-590ee
Convert 12977372 (base 10) to base 16.
c604dc
What is -29a60 (base 15) in base 10?
-133965
Convert 6b9f (base 16) to base 5.
1340201
-13250044 (base 6) to base 10
-441964
120330031101 (base 4) to base 10
6538065
What is 223633 (base 8) in base 15?
17650
Convert 1103062 (base 9) to base 3.
1010010002002
64bb9a (base 12) to base 6
54115514
Convert 321312 (base 11) to base 15.
a2512
87034d (base 15) to base 10
6430123
Convert -103123332 (base 4) to base 10.
-79614
199717 (base 12) to base 14
baa43
101011000111000011010 (base 2) to base 7
15002316
-32ba76 (base 14) to base 16
-1a48b8
What is -244205004 (base 7) in base 6?
-1304322503
What is -22001522 (base 6) in base 9?
-1205505
Convert -446557 (base 8) to base 2.
-100100110101101111
What is -109b38b (base 14) in base 6?
-441242355
Convert 10490c6 (base 13) to base 16.
4bb2dc
1e63e (base 15) to base 10
99284
What is 31232033323 (base 4) in base 15?
4b0d07
-3303276 (base 8) to base 15
-1279c7
What is 152881 (base 10) in base 7?
1204501
What is -13b25 (base 15) in base 5?
-4011020
Convert -265741 (base 9) to base 6.
-3244401
What is -190a197 (base 12) in base 8?
-24000203
Convert 2103201 (base 7) to base 3.
110212101000
Convert -52b37 (base 14) to base 16.
-30c5d
-4001303113 (base 5) to base 15
-a4c523
Convert 2436265 (base 7) to base 12.
130624
-11222020012000 (base 3) to base 5
-1134021111
Convert -113466223 (base 8) to base 12.
-677986b
What is c755d (base 16) in base 15?
111dbc
-76ab03 (base 13) to base 8
-12521411
1040435145 (base 6) to base 8
52664451
Convert 8104c (base 13) to base 8.
702535
What is -1b9b49a (base 12) in base 3?
-102011020200201
5f81e (base 16) to base 12
16a47a
Convert 10010001110101001100 (base 2) to base 6.
20445220
What is -413234042 (base 5) in base 11?
-a59382
-1013201012 (base 4) to base 7
-2330015
What is -18128138 (base 9) in base 10?
-9112616
Convert -16300049 (base 10) to base 11.
-9223517
What is 415361 (base 8) in base 6?
2542425
What is -5385 (base 12) in base 9?
-13522
Convert -172a090 (base 13) to base 10.
-7505069
Convert d4ef9 (base 16) to base 5.
210402220
7d542 (base 15) to base 12
1731a5
Convert 5c9295 (base 13) to base 6.
115323050
Convert 13104303 (base 5) to base 10.
128703
What is 6444101 (base 7) in base 14?
165aa8
Convert 2452213 (base 6) to base 9.
220230
54310115 (base 6) to base 3
10000211211202
-2bb17a (base 14) to base 2
-101110101001110001000
Convert ae22 (base 16) to base 7.
243652
What is 1c0bb (base 13) in base 16?
d727
What is 15070 (base 9) in base 16?
281d
What is 6151562 (base 8) in base 13?
44c725
Convert 8e73e (base 16) to base 3.
1002122101121
Convert -2440051 (base 8) to base 2.
-10100100000000101001
Convert -31cd2d (base 14) to base 2.
-110011011111101101101
What is -1d4586 (base 14) in base 15?
-15ad8b
-45748a3 (base 11) to base 8
-36411607
What is 5a2d8 (base 14) in base 16?
35bc6
53221300 (base 6) to base 16
17c664
Convert 102abb (base 12) to base 8.
757657
Convert 1e9be (base 15) to base 9.
162248
What is 2a105 (base 14) in base 15?
20e4d
What is 49130 (base 10) in base 13?
19493
2364362 (base 7) to base 15
5e5c8
-213312033 (base 4) to base 3
-22021220000
What is 3186215 (base 9) in base 4?
12201211022
What is 1002554421 (base 6) in base 9?
21202554
-19a082 (base 16) to base 12
-68bb16
-195b45 (base 12) to base 15
-8c108
What is -69b4b (base 14) in base 10?
-257415
-10453155 (base 6) to base 3
-121011112122
What is -30130045 (base 6) in base 5?
-204222001
87320 (base 9) to base 14
17124
Convert -121011212102212 (base 3) to base 5.
-4200131000
What is 1102303 (base 5) in base 13?
88b7
-143498 (base 10) to base 13
-50414
Convert 4bb98 (base 13) to base 11.
96532
2000010021 (base 3) to base 9
60107
What is 7ccba7 (base 13) in base 8?
13251037
What is -7303a4 (base 12) in base 10?
-1804588
257576 (base 8) to base 5
10334412
202124033 (base 5) to base 6
25304121
What is 11111001010101111 (base 2) in base 4?
133022233
Convert -51780 (base 11) to base 14.
-1d70b
5463523 (base 7) to base 5
132434140
111001101101011111010 (base 2) to base 9
3502044
What is 2346066 (base 7) in base 14?
7a56d
Convert 53555502 (base 6) to base 13.
43702a
What is -56aaf2 (base 16) in base 12?
-1a9ab56
Convert 3240 (base 16) to base 7.
52335
102244241 (base 5) to base 9
726436
What is -106286 (base 9) in base 5?
-4014123
-266143 (base 7) to base 9
-75721
What is -7287377 (base 10) in base 8?
-33631121
What is -2052bd (base 14) in base 13?
-2c2137
What is 1481192 (base 12) in base 6?
224533102
-10000001101010000100 (base 2) to base 10
-531076
4b270 (base 13) to base 15
2b210
What is 266461 (base 8) in base 16?
16d31
132522 (base 13) to base 3
212111002010
818b (base 16) to base 13
12130
Convert 1100011000010110111001 (base 2) to base 5.
1312323442
35163152 (base 7) to base 10
3091202
What is -11402256 (base 10) in base 14?
-172b4ac
What is -5018 (base 9) in base 12?
-2152
Convert 15005663 (base 8) to base 3.
20102021211102
What is -1421215 (base 10) in base 7?
-15036325
What is 289021 (base 10) in base 11?
188167
Convert cc35 (base 13) to base 8.
67424
42022 (base 16) to base 7
2204152
24321442 (base 5) to base 7
1644311
1b693b (base 12) to base 8
1672277
What is 1ba4803 (base 12) in base 8?
26516603
Convert -111000110110100 (base 2) to base 5.
-1412413
Convert -1043215 (base 7) to base 12.
-62374
Convert 305403414 (base 6) to base 9.
10873681
137454 (base 13) to base 16
7380c
Convert 3a7d4 (base 14) to base 16.
23376
What is 7e074 (base 16) in base 9?
866088
-b305 (base 15) to base 11
-26449
12111211102 (base 3) to base 5
11432442
What is 3c7515 (base 13) in base 3?
2202211101010
Convert -3894 (base 14) to base 8.
-23312
212202201221201 (base 3) to base 9
25681851
What is -231925 (base 11) in base 5?
-43242342
487506 (base 15) to base 13
945240
Convert 111303220 (base 6) to base 8.
7575274
Convert -1013312313 (base 4) to base 2.
-1000111110110110111
Convert -652461 (base 8) to base 5.
-23442132
Convert -21200030200 (base 4) to base 14.
-48bc08
Convert -1100001101111100 (base 2) to base 6.
-1023404
What is -100010110110010001 (base 2) in base 15?
-2c45c
What is 5617376 (base 8) in base 15?
1ede77
What is 3023200 (base 10) in base 7?
34460665
Convert 11b7 (base 14) to base 10.
3101
-1769a03 (base 11) to base 12
-1008104
What is -100142340 (base 5) in base 11?
-250a71
What is -212020200021 (base 3) in base 9?
-766607
Convert -11262 (base 14) to base 9.
-63104
What is 2bb2bba (base 12) in base 8?
42071476
Convert 2051510 (base 6) to base 12.
49b96
102010210212 (base 3) to base 4
311202122
Convert 247da6 (base 15) to base 3.
10021210202010
-162391 (base 13) to base 8
-2055536
-1204260 (base 9) to base 13
-19b0c6
What is 120200012012221 (base 3) in base 4?
133301213302
What is -13424301 (base 5) in base 9?
-232106
What is -11110111100100110110 (base 2) in base 6?
-33422434
Convert -c0546 (base 14) to base 4.
-1300303102
What is -124aa2 (base 11) in base 14?
-51add
-78897 (base 12) to base 8
-470763
Convert 184554 (base 15) to base 11.
735950
11490de (base 15) to base 5
11132224314
-eea76 (base 15) to base 16
-b9259
Convert 352a03 (base 11) to base 5.
120411413
-4878 (base 14) to base 12
-73a2
Convert -21222110210 (base 3) to base 4.
-212112120
-843c4 (base 15) to base 13
-118b55
Convert 355208 (base 16) to base 15.
4905a8
What is -5405703 (base 11) in base 5?
-4413301024
Convert 32269 (base 11) to base 16.
b736
103488 (base 10) to base 4
121101000
Convert 800a3 (base 11) to base 3.
12221211021
-3123103002 (base 4) to base 10
-898242
272240 (base 11) to base 8
1503021
Convert 22420143 (base 5) to base 6.
4151534
-6081069 (base 10) to base 15
-801be9
Convert -10100101011111011 (base 2) to base 13.
-2c74a
-12203253 (base 6) to base 16
-5f1b1
What is -52602 (base 13) in base 15?
-2ddb0
What is 4365555 (base 7) in base 11?
337857
What is 31410122 (base 5) in base 16?
403fa
What is -42821 (base 10) in